hat is the value of -7 - (12 + -13) - -14?
8
Calculate -1 + (4 - (-2 + 3)).
2
What is the value of 0 + -10 + 20 - 4?
6
Evaluate -3 + (6 - 1) + 3.
5
(2 + -6 - -1) + -2
-5
Calculate -19 + (-4 - -12) + 5.
-6
Evaluate 5 + (-2 - 3) + 16 + -14.
2
Evaluate 0 + 0 + 10 + -6.
4
What is (-2 - 0) + (-9 - -6 - -5)?
0
What is -51 - -52 - (1 + -4 - -6)?
-2
Evaluate (-1 - 7) + (-14 - -20) + -4.
-6
Calculate 46 + -49 + (0 - (-1 - -2)).
-4
Calculate -2 - (1 - -6 - 5) - -9.
5
-11 + 1 + (14 - 9)
-5
What is the value of 6 + (13 - 17) - -2?
4
What is 3 - (10 + -4) - 4?
-7
20 - 27 - (1 - 0)
-8
Calculate 1 + -6 + (0 - 0) - -7.
2
Calculate (-4 + 10 - 7) + -7.
-8
Calculate (-8 - (12 + -13)) + 15.
8
What is -3 - (8 - 9) - (-1 - 1)?
0
Evaluate -15 + 14 + 6 - (1 + -3).
7
What is the value of 2 + 2 - (17 - 17)?
4
Calculate (-4 - -1) + (12 - 8) + -3.
-2
Evaluate -8 - (-12 - 8) - 20.
-8
Evaluate (1 - -3 - 3) + -6.
-5
Evaluate -3 + 6 - 5 - -4.
2
What is the value of (2 - (-3 - -3)) + (30 - 39)?
-7
Calculate -5 + 1 + (4 - 6) + 4.
-2
What is the value of (7 - -2) + -6 + -4?
-1
What is 0 - (-6 + 4 + 1 - 0)?
1
Evaluate (-1 - -3) + (-6 - -1) + -1.
-4
-5 + -4 + -3 + 13 - -4
5
What is the value of 10 - (-8 - -12 - 3)?
9
What is 6 + (-6 - -4) + (-19 - -12)?
-3
Evaluate -5 + 4 + 8 - 2.
5
1 + (-6 - 2) + 4
-3
2 + -3 + -5 - -12
6
Calculate 8 + (7 - (10 - 0)).
5
Calculate 11 + (-8 - -1) + -1.
3
Calculate 10 + 1 + (-4 - 2).
5
What is 2 + -3 + -8 - -6?
-3
What is the value of -9 + 1 + -5 + 0 + 9?
-4
Calculate 1 + 2 + -10 + (17 - 12).
-2
Evaluate 1 + 0 - 3 - (21 + -27).
4
What is the value of 3 - (1 - (3 + 0))?
5
What is 0 + 0 - (-17 + 13)?
4
What is (5 - 1) + 14 + -20?
-2
What is the value of -1 + (-4 - 0) + (-24 - -35)?
6
Calculate 1 + -5 + 9 + (2 - 2).
5
What is the value of 0 - (3 + 0 + -7)?
4
Evaluate 6 + (2 - (-4 - -17)).
-5
What is the value of -5 - ((-7 - -8) + -3)?
-3
What is the value of 3 + -11 + -2 + 10 + 10?
10
What is (-7 + 6 - -10) + -8?
1
Calculate 2 + 2 + (-3 - 1) + 0.
0
Calculate -6 - (-1 + 2 + -2) - -1.
-4
Evaluate 0 + (-14 - -5 - -4).
-5
Calculate 1 + (-11 - -10 - -7).
7
Evaluate (2 - 0) + (-4 - 0).
-2
Evaluate -2 + (-5 - ((-2 - -2) + -3)).
-4
Evaluate -23 - -26 - (-3 - 1).
7
6 + 1 + (-2 + 2 - 4)
3
What is (4 + 0 - (-33 + 47)) + 4?
-6
What is the value of 3 + (4 - 11) + 0 + 3?
-1
11 + -6 + 1 + -3
3
What is -10 - (-5 + 3) - -17?
9
Calculate 0 + 3 + 1 + (0 - 2).
2
What is 3 + 3 + 0 + -2?
4
-17 + -1 + 3 + 4 + 8
-3
Evaluate 4 - (2 + 6) - -7.
3
Evaluate 6 - (-3 - (4 + -9)) - 0.
4
What is the value of -1 + 4 + 1 + -4 - -4?
4
8 + 2 + 0 - 7
3
What is the value of 9 + -7 - (-1 - -1) - 4?
-2
Calculate (0 - (-2 + 0)) + (-1 - -3).
4
What is 7 - (13 + -6 - -3)?
-3
What is the value of -1 - 2 - 1 - -5 - 4?
-3
What is 6 + -5 + (-5 - -6) - 3?
-1
Evaluate -4 - 4 - ((-1 - 1) + 1).
-7
Calculate 2 + 3 - (2 - -4).
-1
What is 14 + -9 - (10 - (-1 + 3))?
-3
Evaluate 3 + 2 - (4 - 3).
4
-7 + -2 - -2 - (-59 + 58)
-6
Calculate ((7 - 4) + -1 - 4) + 1.
-1
Evaluate (-2 - -8) + 6 + (-5 - 4).
3
Evaluate 3 + 0 + 2 + (-1 - -1).
5
-1 + (-2 - -1) - 3
-5
Calculate -43 - -50 - (6 + -1).
2
What is the value of 1 - -3 - (27 + -22)?
-1
Calculate 2 + -9 + -1 - (-15 + 11).
-4
Calculate -4 - (-4 + (-1 - (-4 - -6))).
3
What is the value of -24 + 22 + -1 + 8 + -2?
3
What is the value of 18 + (1 - 3) - (14 + -6)?
8
Evaluate (7 - (13 - -1)) + 0.
-7
What is (-4 - 0) + (1 - (5 + -5))?
-3
What is the value of -4 - (3 - (1 + 0)) - -5?
-1
10 - (18 - 6) - -9
7
-9 + 4 + 10 + -3
2
(-4 + 4 - 3) + 3
0
What is the value of -3 + (-4 - (-7 - 6))?
6
0 + -1 + 5 - 7
-3
What is the value of (4 - 2) + -1 + 1 - -3?
5
-16 - (-3 + (9 - 14))
-8
Calculate -1 - -2 - (27 + -25).
-1
What is the value of 4 - (3 - 5 - -9)?
-3
-3 - 1 - -5 - (0 + 5)
-4
Calculate -3 + (1 - 3 - -3) + -3.
-5
2 + -3 + 2 + -6 + 0
-5
What is the value of 3 + (-17 - (9 - 18))?
-5
What is the value of 8 - 11 - (-7 - (-1 + -1))?
2
Calculate -4 - (-6 + 2 - 1).
1
What is (2 - 3 - (8 - 1)) + 3?
-5
What is the value of -1 + 1 - (1 + -4 + 0)?
3
Calculate -7 + 2 + 6 + -5.
-4
(-2 - 3 - -4) + 1
0
2 - 0 - (-32 + 35)
-1
Calculate -2 - -7 - (10 - 2).
-3
Evaluate -1 + (8 - 4) - (-2 + 13).
-8
Calculate -18 + (-2 - 2) + 17.
-5
What is 3 - (2 - (-4 + 2 - -3))?
2
1 + (-5 + -2 - (-1 - 4))
-1
-2 - (-3 - -7 - 8)
2
What is the value of 0 + 1 + (-1 - 3 - 0)?
-3
3 + (-3 - -2) + 3 - 6
-1
-5 + (4 - 0 - 1)
-2
What is the value of -2 + 1 - (31 - 34)?
2
What is the value of -6 - (5 - (21 - 2 - 5))?
3
-1 + 5 + -5 + 4
3
Calculate 4 + 1 + 2 + -7.
0
What is -2 + 3 - (-5 + -5 + 6)?
5
Calculate (15 - 12) + (4 - 0) + -3.
4
Evaluate 5 + -8 + 1 + 5.
3
Evaluate 5 - (-2 + (13 - 9)).
3
What is the value of -3 + -2 + 4 + 5?
4
Calculate -21 + 11 + 5 + 0.
-5
Calculate (0 - 2) + 5 - (2 - 1).
2
Calculate -1 + -8 + -4 + -3 + 8.
-8
-6 + (9 + -13 - (-4 + -1))
-5
What is the value of (-2 - -5) + (-11 - (0 + -4))?
-4
Calculate 0 - 2 - (2 - -1 - 3).
-2
0 - 0 - 0 - -2
2
46 - 36 - (-1 + 0 + 5)
6
Calculate 4 - (1 + (0 - (-3 - 4))).
-4
Evaluate 2 - ((3 - -1) + 0 + -5).
3
What is the value of -9 + 7 + 10 + -1 - 4?
3
-2 - (-3 - (-8 - -4))
-3
Calculate -3 - (-16 + 15 + -4 + -5).
7
(3 - 8 - -3) + -17 + 15
-4
What is 4 + (-8 - -13 - (15 - 3))?
-3
What is 1 - ((-3 - -3 - -1) + -2)?
2
4 + 0 + 1 - (59 - 57)
3
-8 + (12 - 8) + (7 - -1)
4
2 + -1 - (-1 + -4 - -9)
-3
Calculate (-31 - -31) + 1 + 0 + 1.
2
-8 + 15 - (0 - -2)
5
Calculate 5 + -8 - ((1 - -2) + 3).
-9
What is the value of -1 + (2 - 2) + -2?
-3
Evaluate 6 + -4 + -4 - -5.
3
What is the value of (0 - 0) + (-6 - 3 - -5)?
-4
(-2 - -2) + -13 + -32 + 38
-7
What is (12 + -20 - -19) + -12?
-1
Evaluate 4 + -12 + (13 - 11).
-6
What is the value of (-1 - -3 - 2) + 1 + 0?
1
Calculate -5 - (6 + -13 + 11).
-9
What is the value of (6 - 4) + -2 - -1?
1
What is 3 - (-3 + 13) - -5?
-2
What is (-5 + 9 - 10) + 2?
-4
What is (-1 - 5) + 5 + -3?
-4
What is the value of (3 - 0) + (-16 - -32) + -14?
5
What is the value of -4 + 0 + (6 - -2) + -4?
0
What is the value of (1 - -2) + -7 - 0?
-4
What is the value of (9 - (-12 - -38)) + 8?
-9
What is 13 + (-9 - 7) + 7?
4
What is the value of (0 - (-4 + -1)) + -5 - -5?
5
What is (3 + -1 - -4) + (-22 - -14)?
-2
4 - 9 - (0 + -7)
2
Evaluate 12 + (-36 - -15) - (-5 - 1).
-3
Evaluate 3 + 2 + -2 + 7 + -10.
0
What is the value of (-5 - 0) + -16 + 20 + -4?
-5
Calculate -7 - -1 - -1 - -11.
6
Evaluate (0 - (-2 - -6)) + 8.
4
15 + 5 + (-17 - 2) + 8
9
Evaluate 4 + (-8 - -4) + -4.
-4
Evaluate -15 - -14 - (1 - -2 - 1).
-3
Calculate (2 - -5) + -2 + (-10 - -5).
0
What is (2 - 0) + 3 + -7 + 3?
1
3 - (-3 + 7 - 0)
-1
(-1 - -7) + -4 - 5
-3
What is the value of 5 + (5 - 9) - (1 + 1)?
-1
Calculate -1 + 1 - (0 + 5 + -6).
1
Calculate -3 - (-15 + (3 - -6)).
3
What is -2 - -11 - ((5 - 3) + 3)?
4
What is the value of (5 - (7 - -2)) + 0?
-4
What is 3 + -3 - (-1 + (-3 - 2))?
6
9 - -4 - (1 + 6)
6
What is -2 + -3 + -5 + 3 + 5?
-2
What is (2 - -1) + 4 - 4?
3
What is 2 + (-5 - (4 - 0 - 7))?
0
What is (8 - 6) + (-8 - -3)?
-3
What is the value of (0 - 6) + -1 + 10?
3
(5 - 0) + -2 + -4
-1
Evaluate (-3 - (5 - 5)) + 0 + -2.
-5
What is the value of 0 + 4 + (-2 - 0)?
2
What is the value of -7 - (2 - (-4 - -7) - 0)?
-6
Calculate -6 + (-3 + 6 - 6).
-9
(6 - (-5 + 16)) + 5 - -2
2
What is the value of 12 + -1 + -2 + -18?
-9
Calculate 7 - (4 + -3 + 9).
-3
-5 - ((-8 - (-3 - -1)) + 2)
-1
What is 0 + (10 - 20) - -14?
4
What is the value of 48 - 48 - (1 - 0 - 5)?
4
What is the value of 9 + -4 + 4 - 6?
3
Evaluate (-4 - (3 - 5)) + -4.
-6
What is 8 - (-17 + 29 - (-2 + 1))?
-5
2 + -1 - (0 + -1)
2
-9 + -2 + 4 + 10
3
What is the value of 14 + (8 - 14) + -10?
-2
What is the value of 7 - (3 + (-5 - -5)) - 5?
-1
What is 12 - (3 + 5 + -1 - 0)?
5
What is -14 + (8 - (-4 + 3))?
-5
Evaluate (5 + -4 - -1) + -2.
0
What is the value of 2 - (-2 - 1) - (5 + -2)?
2
Evaluate -1 + (9 - (-1 + 4)).
5
What is -6 + 1 + 5 - -2 - 2?
0
Evaluate 3 - (-1 + (0 + 2 - -1)).
1
-10 - -7 - (-6 - (4 - 13))
-6
-2 + 2 + -2 - (-1 - 4)
3
Calculate 2 - (5 + -9 + 4).
2
Evaluate (1 - 0 - -2 - 2) + 2.
3
8 + -22 + 1 + 5
-8
Calculate 12 - (-12 - -13) - 11.
0
-3 + 1 + 2 + 0 - -5
5
What is (3 - -4) + (9 - (11 + -4))?
9
Evaluate -9 + -9 + 10 + 2.
-6
Calculate -4 + 8 + (-2 - -2) - -1.
5
5 + -5 + -2 + 1
-1
Evaluate -14 - -13 - 0 - 7.
-8
4 - (3 - (5 - (-2 + 7)))
